. Suppose -4*s = c + 89, 2*c + c + 3*s = -267. Let p = k - c. Is p a composite number?
False
Let z = 10 - 6. Suppose -a - z*a = -555. Is a a composite number?
True
Suppose 0 = -28*z + 26*z + 2518. Is z a composite number?
False
Let v = 5 + -7. Is v*(-110)/(-8)*-2 a prime number?
False
Let o(w) = w**3 + 3*w**2 - 4*w + 5. Let m be o(-4). Suppose 360 = m*q - 60. Suppose -3 = 3*p, -3*p - q = -3*h + 150. Is h a composite number?
True
Let m(r) = -3*r**3 - 2*r**2 + 10*r + 1. Is m(-4) a composite number?
True
Let w = -2692 + 9461. Is w a composite number?
True
Suppose -4 = -3*a + 8. Suppose 6 - 130 = -4*c. Suppose 61 + c = a*p. Is p a composite number?
False
Let k = 5 + 1. Let c(a) = a**3 - 4*a**2 + 6*a - 2. Is c(k) a prime number?
False
Let q(h) = -6*h - 8. Let f be q(-6). Is (-163)/(-7) - 8/f composite?
False
Suppose 2*i - i = -47. Let b = 66 + i. Is b composite?
False
Let j = 70 + -33. Is j prime?
True
Is (259/(-2))/((-3)/6) prime?
False
Let k = -1407 - -3458. Is k composite?
True
Is 79 + (0 - (0 + 0)) a composite number?
False
Let y(k) = -4*k - 4. Let q be y(5). Let p be (-6)/q - (-163)/4. Suppose 0 = -v - 2*b + 21, 2*v - 4*v - 5*b = -p. Is v prime?
True
Suppose -3*z - 3*h = -8*h - 1417, 20 = 5*h. Is z composite?
False
Let z be (2/6)/((-8)/(-96)). Let j = 26 - z. Is j composite?
True
Let v(m) = -m**3 + 21*m**2 - 7*m + 9. Is v(10) a prime number?
True
Suppose 7*r - 6905 = 2*r. Is r a composite number?
False
Let l(c) = -c**3 - 10*c**2 - 9*c + 1. Let r be l(-9). Let o be 0 - (0 - r)*2. Let t = 39 - o. Is t a prime number?
True
Let j(q) be the second derivative of q**4/6 + q**2/2 - 2*q. Let t be j(1). Suppose -t*d + 83 = 26. Is d composite?
False
Let f(j) = 2*j - 8. Let o be f(6). Let m(k) = 3*k - 6. Let h be m(o). Is ((-69)/h)/((-3)/42) a composite number?
True
Let b be 80/(-25) - (-2)/10. Let s(l) be the first derivative of 4*l**3/3 + 2*l**2 + 2*l + 2. Is s(b) composite?
True
Suppose 5*x + 3*k - 35 = -0*x, 3*k = -2*x + 23. Suppose 9*t = x*t + 135. Let m = t - 5. Is m a composite number?
True
Suppose -4*x + 4*g = 104, 0*g - 4*g - 16 = 0. Let l = x + 14. Is (-2)/3 - l/6 a composite number?
False
Suppose 0 = -y - 3*z + 899, 3*y - z - 2665 = -2*z. Is y composite?
False
Let o be (0/2)/(-1 + 0). Suppose 3*a + 12 = 5*a. Suppose o = -a*i + i + 75. Is i a composite number?
True
Suppose 4*l = -3 - 1. Let t be (-9 + -1)/(-1 + l). Suppose 30 = t*m - 0*m. Is m prime?
False
Let b(r) = 10*r. Let p be b(5). Suppose 5*f - 227 = -t, -p = -2*f + 2*t + 36. Is 10/f - (-529)/9 prime?
True
Let u(l) = -l**3 + 12*l**2 - 11*l + 4. Let t be u(7). Suppose -t = -5*a - f, f + 0 + 3 = 0. Is a composite?
True
Let h be (1 - 2) + 13 + 4. Let k = -11 + h. Suppose -k*v + 78 = -0*v - 3*s, -2*s = 2. Is v prime?
False
Suppose -68 - 207 = -5*q - 4*l, -5*l + 76 = q. Is q composite?
True
Let j(d) = 111*d**3 + d**2 - 2*d - 1. Is j(3) prime?
True
Suppose -286 = 9*t - 1033. Is t a composite number?
False
Suppose 3*i - i - 5*b = 24, -2 = -5*i - 2*b. Suppose -2*q - 2*d + 12 = 0, 4*d = -i*q + 6*q. Suppose -q*j + 538 + 223 = -5*n, 3*n = -j + 263. Is j prime?
True
Suppose -5*h + 7321 = 3*w, -5*w - 2*h - 371 = -12560. Is w composite?
False
Let b(c) = 3*c**2 - 8*c - 2. Let s(w) = -13*w**2 + 31*w + 9. Let p(n) = -9*b(n) - 2*s(n). Let h be p(10). Is -1*(h + 1)*-185 composite?
True
Suppose -4*f = -f - 24. Let b be 987*1/(9/6). Is b/f + 4/(-16) prime?
False
Let x = 47 + 32. Is x a composite number?
False
Let r = 295 - 132. Is r a composite number?
False
Suppose 2*j - 6 - 6 = 0. Suppose 0 = 5*y + 2*s - 67, -s = -5*y + 4*s + 60. Let n = y - j. Is n a prime number?
True
Is (-7318)/(-6) - ((-51)/(-9) + -5) a prime number?
False
Let z = -4 + 4. Suppose z*f + 620 = 5*f. Let g = -73 + f. Is g composite?
True
Is 2/10 + 282/15 a prime number?
True
Suppose k - 4*v = 502, 0 = 5*k - v - 0*v - 2415. Is k prime?
False
Let a = 12 + -62. Let y(w) = w**3 - 8*w**2 + 8*w - 12. Let h be y(9). Let j = h + a. Is j a prime number?
False
Suppose m - 24 = -2*m. Let v(w) = -4 + 0 + w**2 - 7*w + 2. Is v(m) prime?
False
Let a = 225 + 670. Is a composite?
True
Is 3162/4 - (-4)/8 a prime number?
False
Suppose -14*q + 753 = -11*q. Is q a composite number?
False
Let s(f) = -2*f - 1. Let z(w) = 6*w + 7. Let p(c) = -c - 1. Let m(l) = 14*p(l) + 2*z(l). Let i(o) = 5*m(o) - 4*s(o). Is i(-5) composite?
True
Is (-6572)/(-20) + (-12)/(-30) prime?
False
Let d = -92 - -466. Let v = -171 + d. Is v a prime number?
False
Suppose -3*i + 965 = 4*p, -2*p = -0*i + 5*i - 493. Is p a composite number?
False
Let n be 3/((-3)/(-9)*3). Suppose 5*f = 3*x - 2421, -2*x + 4*f + 536 = -1076. Suppose -7*g + x = -n*g. Is g a composite number?
True
Suppose 0*h = 3*h - 516. Suppose l = h - 29. Is l composite?
True
Let d(t) = -t + 10. Let o be d(5). Let j = o + -2. Suppose 5*w - 194 - 201 = -j*u, 3*w - 237 = -4*u. Is w a composite number?
False
Let c(u) = -u - 2. Let h be c(-6). Suppose 20 = -4*a - a. Is (-1)/a + 139/h prime?
False
Let a be 13/4 - 15/(-20). Suppose v - 3*c = 15, 0 = -v - 0*c + 2*c + 18. Suppose 4 + v = a*u. Is u composite?
False
Let d(a) = 6*a**2 - 15*a - 37. Is d(16) prime?
True
Suppose 3 = d + 10. Is ((-179)/3)/(d/21) prime?
True
Is 7*1*(63 - 4) composite?
True
Let y(t) = -10*t**2 - 1. Let k(s) = s**2. Let l(j) = -4*k(j) - y(j). Is l(-3) a composite number?
True
Let l(j) = -5*j**2 - 3*j - 25. Let c(m) = 9*m + 26 + 6*m**2 - 2*m - 3*m. Let y(v) = -4*c(v) - 5*l(v). Is y(0) a prime number?
False
Suppose 0 = 2*k - 2168 - 438. Is k a prime number?
True
Let u(i) = -3*i - 1. Let s be u(-10). Suppose 2*r = 41 + s. Is r a composite number?
True
Suppose 5 = -2*g - 23. Let k = 20 + g. Is k composite?
True
Let z = -109 + 38. Suppose -3*y - 2*f = 2*y + 260, 5*y + 265 = -3*f. Let n = y - z. Is n a prime number?
False
Let t be 2 + -1 - (-5 - -2). Suppose -5*m + 27 = -2*q - 52, 3*q = t*m - 66. Is m a prime number?
False
Let r be -2 + (1 + -1 - -4). Let x(u) = r + 38*u**3 - 4 + 2*u - 3 - 2*u**2 + 4. Is x(1) a composite number?
False
Let x(k) = -83*k. Let s(q) = -q**2 + 6*q - 4. Let y be s(4). Suppose y*g - 2*b + b = -7, 5*g - 4 = -3*b. Is x(g) a prime number?
True
Let y(z) = 5*z**2 - 8*z + 2. Let c be y(6). Let v = c + -75. Is v composite?
False
Suppose o + 3*o = 32. Let c = 39 - o. Is c composite?
False
Let w(b) = b**3 - b + 62. Let h be w(0). Let o = -37 + h. Is o prime?
False
Let y(m) = 21*m - 1. Let i be y(-1). Is 127/3 + i/(-33) a prime number?
True
Let y be (6*-1)/((-9)/(-174)). Let f be 2/(-6) + y/(-6). Suppose -5*w + 3*l + 111 = 0, 4*w - 2*l - 69 = f. Is w composite?
True
Let q(v) be the first derivative of -11*v**2/2 - 4*v + 6. Let t be 141/(-15) - 2/(-5). Is q(t) a composite number?
True
Suppose 4*o - 20 = 564. Let t = -95 + o. Is 2 + t/(-3)*-1 a prime number?
True
Let a be (4/1)/(-2) + 2. Suppose a = -x + 6*x - 325. Is x prime?
False
Suppose -a + 6192 = 3*a + 5*m, 0 = 3*a - m - 4625. Is a composite?
False
Let n = -1174 - -2553. Is n composite?
True
Let v(l) = -4*l - 3. Let m be v(-3). Let a = m - 7. Suppose 4*k - 275 = -5*z, 0*z + 4*k = a*z - 82. Is z a prime number?
False
Let u = -5 + 11. Let t(d) = d**3 + 5*d**2 - 4*d + 7. Let q(w) = -3*w**3 - 9*w**2 + 7*w - 14. Let y(v) = 2*q(v) + 5*t(v). Is y(u) a prime number?
True
Suppose -4*n + 3*n + 31 = 0. Is n a composite number?
False
Let h be 0 + 57/3 + 3. Let q(w) = 77*w**3 - 1 + w - 23*w**2 + h*w**2 + 0 + w. Is q(1) prime?
False
Let d = 962 + -589. Is d prime?
True
Let q(f) = -65*f + 22. Is q(-11) a composite number?
True
Suppose 2*h = -2*h + 324. Suppose -h = -4*a + 59. Is a composite?
True
Suppose -4*v = -5*u + 818, 3*v + 0*v = 5*u - 821. Is u prime?
False
Let u(j) = -j**2 - 11*j - 9. Let m be u(-6). Suppose -m + 65 = 2*n. Is n composite?
True
Suppose -9*m + 6*m = -861. Is m a composite number?
True
Let x(q) = -11*q**3 - 7*q**2 - q - 4. Is x(-5) a prime number?
True
Let r(p) = -83*p + 1. Is r(-2) composite?
False
Let s = -253 - -464. Is s prime?
True
Let n(a) = 1 + 23*a + 19*a - 16*a + 10*a. Is n(3) prime?
True
Suppose 0 = 5*d + 3*w - 13 - 12, 0 = -5*d + 3*w + 25. Let r(g) be the second derivative of g**5/20 - g**4/4 - g**3/2 + g**2 + 6*g. Is r(d) prime?
True
Let k = 13 - 8. Suppose -43 = -i + k*h + 68, -2*h - 117 = -i. Suppose 4*l = 565 - i. Is l a prime number?
False
Let u(d) = 2*d**2 - d - 3. Let x